{"id":8,"date":"2025-04-09T18:42:30","date_gmt":"2025-04-09T18:42:30","guid":{"rendered":"https:\/\/test.celmaitarestudios.com\/?page_id=8"},"modified":"2025-04-15T09:44:55","modified_gmt":"2025-04-15T09:44:55","slug":"despre","status":"publish","type":"page","link":"https:\/\/utt-horeca.ro\/?page_id=8","title":{"rendered":"despre"},"content":{"rendered":"<div class=\"wpb-content-wrapper\"><p>[vc_row full_width=&#8221;stretch_row&#8221; css=&#8221;.vc_custom_1744446527681{background-color: #000000 !important;}&#8221;][vc_column][vc_column_text css=&#8221;&#8221; basel_color_scheme=&#8221;light&#8221;]<\/p>\n<h1><span style=\"color: #b68c4e;\"><span class=\"relative -mx-px my-[-0.2rem] rounded-sm px-px py-[0.2rem]\">Uzinele Textile Timi\u0219oara (UTT) au fost una dintre cele mai importante \u00eentreprinderi textile din Rom\u00e2nia, cu o istorie care reflect\u0103 evolu\u021bia industriei textile din Timi\u0219oara \u0219i din \u021bar\u0103.<\/span>\u200b<\/span><\/h1>\n<p>[\/vc_column_text][vc_separator color=&#8221;custom&#8221; css=&#8221;&#8221; accent_color=&#8221;#B68C4E&#8221;][vc_column_text css=&#8221;&#8221; basel_color_scheme=&#8221;light&#8221;]<\/p>\n<h2><b>Excelen\u021ba se na\u0219te din respectul pentru tradi\u021bie<\/b><\/h2>\n<p>[\/vc_column_text][vc_row_inner gap=&#8221;35&#8243;][vc_column_inner width=&#8221;2\/3&#8243;][vc_column_text css=&#8221;&#8221; basel_color_scheme=&#8221;light&#8221;]Ne dorim s\u0103 \u00eemp\u0103rt\u0103\u0219im pasiunea \u0219i tradi\u021bia pentru \u021bes\u0103turi \u00een \u00eentreaga lume. Cu aten\u021bie la detalii cre\u0103m produse rafinate, de calitate fin\u0103, posibil\u0103 doar prin elaborarea proceselor de fabrica\u021bie de-a lungul anilor, lucr\u00e2nd numai cu texturi de cea mai nobil\u0103 calitate \u00eenc\u0103 din 1928.<\/p>\n<p>Colec\u021biile noastre de confec\u021bii includ produse pentru cas\u0103 \u0219i \u021bes\u0103turi profesionale pentru domeniul HORECA, trec\u00e2nd prin toat\u0103 gama de lenjerii de pat de lux din bumbac satinat, uni, cu imprimeuri vii, colorate, dar \u0219i \u00eendr\u0103zne\u021be, lenjerii de pat din bumbac ranforce, u\u0219or de \u00eentre\u021binut, fe\u021be de mas\u0103 din bumbac sau din materiale speciale, brodate sau cu dantel\u0103, prosoape \u0219i halate de baie, perne decorative \u0219i alte textile pentru cas\u0103. Colec\u021biile noastre de echipamente de lucru \u0219i protec\u021bie includ textile specifice diverselor domenii de activitate.<\/p>\n<p>Ne-am asumat un angajament \u0219i totodat\u0103 o responsabilitate, de a crea o gam\u0103 larg\u0103 de produse din \u021bes\u0103turi deosebite, av\u00e2nd experien\u021ba \u0219i rafinamentul bunului-gust acumulate \u00een <strong>peste 90 de ani de activitate<\/strong>. Oferim produse de catalog, dar \u0219i colec\u021bii personalizate, unde imagina\u021bia designerilor no\u0219tri, al\u0103turi de exigen\u021bele clien\u021bilor, creeaz\u0103 articole unicate \u0219i valoroase, de colec\u021bie.[\/vc_column_text][vc_empty_space height=&#8221;64px&#8221;][\/vc_column_inner][vc_column_inner width=&#8221;1\/3&#8243;][vc_single_image image=&#8221;173&#8243; img_size=&#8221;full&#8221; css=&#8221;&#8221;][\/vc_column_inner][\/vc_row_inner][vc_row_inner][vc_column_inner width=&#8221;1\/4&#8243;][\/vc_column_inner][vc_column_inner width=&#8221;3\/4&#8243;][vc_column_text css=&#8221;&#8221; basel_color_scheme=&#8221;light&#8221;]<\/p>\n<h3 class=\"\" data-start=\"123\" data-end=\"151\">\u00cenfiin\u021bare \u0219i dezvoltare<\/h3>\n<p class=\"\" data-start=\"153\" data-end=\"348\"><span class=\"relative -mx-px my-[-0.2rem] rounded-sm px-px py-[0.2rem]\">UTT a fost \u00eenfiin\u021bat\u0103 \u00een 1928 de un grup de industria\u0219i italieni \u0219i rom\u00e2ni, sub denumirea ini\u021bial\u0103 de Romitex.<\/span> <span class=\"relative -mx-px my-[-0.2rem] rounded-sm px-px py-[0.2rem]\">Cu un capital de 25 milioane de lei, fabrica dispunea de 192 de r\u0103zboaie mecanice \u0219i realiza o produc\u021bie anual\u0103 de 900 de tone de confec\u021bii din bumbac.<\/span> <span class=\"relative -mx-px my-[-0.2rem] rounded-sm px-px py-[0.2rem]\">\u00cen perioada interbelic\u0103, UTT era una dintre cele mai mari \u00eentreprinderi textile din Banat, contribuind semnificativ la economia local\u0103 \u0219i na\u021bional\u0103.<\/span> \u200b<\/p>\n<p>[\/vc_column_text][vc_separator color=&#8221;custom&#8221; css=&#8221;&#8221; accent_color=&#8221;#B68C4E&#8221;][vc_column_text css=&#8221;&#8221; basel_color_scheme=&#8221;light&#8221;]<\/p>\n<h3 class=\"\" data-start=\"350\" data-end=\"389\">Na\u021bionalizare \u0219i perioada comunist\u0103<\/h3>\n<p class=\"\" data-start=\"391\" data-end=\"592\"><span class=\"relative -mx-px my-[-0.2rem] rounded-sm px-px py-[0.2rem]\">\u00cen 1948, UTT a fost na\u021bionalizat\u0103, devenind o \u00eentreprindere de stat.<\/span> <span class=\"relative -mx-px my-[-0.2rem] rounded-sm px-px py-[0.2rem]\">\u00cen perioada comunist\u0103, fabrica a cunoscut o dezvoltare semnificativ\u0103, extinz\u00e2ndu-\u0219i activitatea \u0219i devenind o unitate integrat\u0103 de prelucrare a bumbacului, cuprinz\u00e2nd filatur\u0103, \u021bes\u0103torie, finisaj \u0219i confec\u021bii.<\/span> <span class=\"relative -mx-px my-[-0.2rem] rounded-sm px-px py-[0.2rem]\">Produsele realizate erau destinate at\u00e2t pie\u021bei interne, c\u00e2t \u0219i exportului, contribuind la prestigiul industriei textile rom\u00e2ne\u0219ti.<\/span><\/p>\n<p>[\/vc_column_text][vc_separator color=&#8221;custom&#8221; css=&#8221;&#8221; accent_color=&#8221;#B68C4E&#8221;][vc_column_text css=&#8221;&#8221; basel_color_scheme=&#8221;light&#8221;]<\/p>\n<h3 class=\"\" data-start=\"594\" data-end=\"619\">Privatizare<\/h3>\n<p class=\"\" data-start=\"621\" data-end=\"826\"><span class=\"relative -mx-px my-[-0.2rem] rounded-sm px-px py-[0.2rem]\">Dup\u0103 1989, odat\u0103 cu tranzi\u021bia la economia de pia\u021b\u0103, UTT a trecut printr-un proces de privatizare.<\/span> <span class=\"relative -mx-px my-[-0.2rem] rounded-sm px-px py-[0.2rem]\">\u00cen anul 2000, fabrica a fost achizi\u021bionat\u0103 prin negociere direct\u0103 cu Fondul Propriet\u0103\u021bii de Stat de Milita Pleascar, pre\u0219edinta Consiliului de Administra\u021bie.<\/span> <span class=\"relative -mx-px my-[-0.2rem] rounded-sm px-px py-[0.2rem]\">De\u0219i \u00een 2004 UTT dispunea de un ciclu complet de fabrica\u021bie \u0219i \u00een 2007 volumul produc\u021biei anuale era evaluat la peste 4 milioane de euro. \u00cencep\u00e2nd cu anul 2007, cifra de afaceri a \u00eenregistrat o cre\u0219tere constant\u0103, reflect\u00e2nd capacitatea noastr\u0103 de a ne adapta cerin\u021belor pie\u021bei \u0219i de a deveni un partener de \u00eencredere pentru clien\u021bii din domeniul HoReCa.<\/span><\/p>\n<p>[\/vc_column_text][vc_separator color=&#8221;custom&#8221; css=&#8221;&#8221; accent_color=&#8221;#B68C4E&#8221;][vc_column_text css=&#8221;&#8221; basel_color_scheme=&#8221;light&#8221;]<\/p>\n<h3 class=\"\" data-start=\"828\" data-end=\"846\">Mo\u0219tenirea UTT<\/h3>\n<p class=\"\" data-start=\"848\" data-end=\"1013\"><span class=\"relative -mx-px my-[-0.2rem] rounded-sm px-px py-[0.2rem]\">De-a lungul decadelor, UTT a fost un pilon al industriei textile din Timi\u0219oara, contribuind la dezvoltarea economic\u0103 a ora\u0219ului \u0219i oferind locuri de munc\u0103 pentru mii de oameni.<\/span> <span class=\"relative -mx-px my-[-0.2rem] rounded-sm px-px py-[0.2rem]\">Mo\u0219tenirea sa industrial\u0103 este rememorat\u0103 \u00een expozi\u021bii \u0219i ini\u021biative culturale, precum cea organizat\u0103 la centrul cultural FABER, care exploreaz\u0103 istoria industriei textile din Timi\u0219oara \u0219i din Rom\u00e2nia.<\/span> \u200b<\/p>\n<p class=\"\" data-start=\"1015\" data-end=\"1100\"><span class=\"relative -mx-px my-[-0.2rem] rounded-sm px-px py-[0.2rem]\">Ast\u0103zi, cl\u0103dirile fostei uzine reprezint\u0103 un simbol al trecutului industrial al Timi\u0219oarei \u0219i al transform\u0103rilor economice prin care a trecut ora\u0219ul \u00een ultimele decenii.<\/span>\u200b<\/p>\n<p>Un moment crucial \u00een istoria UTT a fost na\u021bionalizarea fabricii, \u00een 1948, fiind inclus\u0103 deja pe lista \u00eentreprinderilor cuprinse \u00een planul de mobilizare general\u0103 a armatei \u0219i c\u0103p\u0103t\u00e2nd o importan\u021b\u0103 strategic\u0103 deosebit\u0103. Mai t\u00e2rziu cu peste jum\u0103tate de secol, \u00een anul 2000, fabrica a fost privatizat\u0103, ceea ce a dus la o extindere a activit\u0103\u021bii pe un ciclu complex: filatur\u0103-\u021bes\u0103torie-finisaj-confec\u021bii.[\/vc_column_text][vc_empty_space][\/vc_column_inner][\/vc_row_inner][\/vc_column][\/vc_row][vc_row][vc_column][vc_single_image image=&#8221;199&#8243; img_size=&#8221;full&#8221; alignment=&#8221;center&#8221; css=&#8221;&#8221;][\/vc_column][\/vc_row]<\/p>\n<\/div>","protected":false},"excerpt":{"rendered":"<p>[vc_row full_width=&#8221;stretch_row&#8221; css=&#8221;.vc_custom_1744446527681{background-color: #000000 !important;}&#8221;][vc_column][vc_column_text css=&#8221;&#8221; basel_color_scheme=&#8221;light&#8221;] Uzinele Textile Timi\u0219oara (UTT) au fost una dintre cele mai importante \u00eentreprinderi textile<\/p>\n","protected":false},"author":1,"featured_media":0,"parent":0,"menu_order":0,"comment_status":"closed","ping_status":"closed","template":"","meta":{"footnotes":""},"class_list":["post-8","page","type-page","status-publish","hentry"],"jetpack_sharing_enabled":true,"_links":{"self":[{"href":"https:\/\/utt-horeca.ro\/index.php?rest_route=\/wp\/v2\/pages\/8","targetHints":{"allow":["GET"]}}],"collection":[{"href":"https:\/\/utt-horeca.ro\/index.php?rest_route=\/wp\/v2\/pages"}],"about":[{"href":"https:\/\/utt-horeca.ro\/index.php?rest_route=\/wp\/v2\/types\/page"}],"author":[{"embeddable":true,"href":"https:\/\/utt-horeca.ro\/index.php?rest_route=\/wp\/v2\/users\/1"}],"replies":[{"embeddable":true,"href":"https:\/\/utt-horeca.ro\/index.php?rest_route=%2Fwp%2Fv2%2Fcomments&post=8"}],"version-history":[{"count":12,"href":"https:\/\/utt-horeca.ro\/index.php?rest_route=\/wp\/v2\/pages\/8\/revisions"}],"predecessor-version":[{"id":207,"href":"https:\/\/utt-horeca.ro\/index.php?rest_route=\/wp\/v2\/pages\/8\/revisions\/207"}],"wp:attachment":[{"href":"https:\/\/utt-horeca.ro\/index.php?rest_route=%2Fwp%2Fv2%2Fmedia&parent=8"}],"curies":[{"name":"wp","href":"https:\/\/api.w.org\/{rel}","templated":true}]}}